c = 61914 - 33873. What are the prime factors of c?
3, 13, 719
Let i be -10 + 5 - (-1 + -2 - 776). Suppose 12*b - i = 6*b. What are the prime factors of b?
3, 43
Let p = 15739 + -6710. List the prime factors of p.
9029
Let t(m) = -4*m**3 + 37*m**2 - 19*m - 15. Let k(v) = 48*v**3 + 2 + 5*v + 2 - 9*v**2 - 47*v**3. Let z(u) = 9*k(u) + 2*t(u). What are the prime factors of z(6)?
2, 3
Let r(w) = 3*w**3 + 5*w**2 + 11*w + 4. Let t be r(-6). Let v = t - -1070. List the prime factors of v.
2, 3, 5
Suppose -5*q = 4*x - 919, -4*x = -4*q - 0*x + 764. Let u = q + -18. Suppose -5*y + 424 = -p, 2*y + 4*p - u = -17. What are the prime factors of y?
2, 3, 7
Let q(b) = b**3 - 12*b**2 - 29*b + 38. Let z be q(12). Let l = -199 - z. What are the prime factors of l?
3, 37
Let g = -13 - -18. Suppose -3*r = 3, 1301 = 18*h - 16*h - g*r. List the prime factors of h.
2, 3
Let b(k) = 127*k**2 + 450*k + 13. What are the prime factors of b(21)?
2, 5, 6547
What are the prime factors of 959710995/15732 - (0 - 6/(-8))?
53, 1151
Suppose -4*t = -11*f + 6*f - 7191, -3*t + f = -5396. List the prime factors of t.
7, 257
Let o = 31911 + -23863. List the prime factors of o.
2, 503
Suppose -4*j + 5*x = 723, j + 4*x = -0*j - 165. Let o = 211 + j. List the prime factors of o.
2, 17
Let v be ((-4830)/552)/(((-15)/(-20))/(3*-5)). Let q = -1 - -1. Let m = v - q. List the prime factors of m.
5, 7
Suppose 5*d = 4*c - 1, 3*c = -7*d + 2*d - 8. Let z be (c/(-2) + 0)/((-3)/(-1752)). Suppose -z = 4*u - 1052. List the prime factors of u.
2, 5, 19
Suppose 8*z - 2 = 6*z. Suppose -5*o - 207 = -3*n, 4*o - 13 = -z. Let d = n + -52. List the prime factors of d.
2, 11
Let z = 608 - 397. Suppose -11*p + 12*p - z = 0. What are the prime factors of p?
211
Let s = -66 + 106. Let l = s + -25. Let q = l + 16. What are the prime factors of q?
31
Let b = -513 + 516. Let v(w) = 75*w - 149. List the prime factors of v(b).
2, 19
Suppose 0 = -t - 3*m - 2031, -8*t - 2*m - 10142 = -3*t. Let i be (t/24)/(1/(-10)). Suppose 4*v = -v + i. List the prime factors of v.
13
Let n = -427 - -73. Let d = n - -753. List the prime factors of d.
3, 7, 19
Suppose 51592 = 3*x + 4*k, 128*k - 34369 = -2*x + 129*k. List the prime factors of x.
2, 4297
Let d(o) = 3839*o**2 + 720*o - 2887. List the prime factors of d(4).
61417
Let p(q) = 3*q + 114. Let c be p(-37). Suppose 605 = c*w - 826. What are the prime factors of w?
3, 53
Suppose -62*i + 517180 = -24*i. What are the prime factors of i?
2, 5, 1361
Suppose 27*r = 378 - 54. Suppose -21*i + 24486 = r*i. List the prime factors of i.
2, 7, 53
Suppose -16 = -4*q, 0*q = -5*j + 5*q + 460. Let n be ((-3 - 23)*1 + -2)/1. Let y = n + j. What are the prime factors of y?
2, 17
Suppose 17*a - 4*a - 4472 = 0. Suppose 137 = 4*m + 1109. Let v = m + a. List the prime factors of v.
101
Let y(u) = 26*u**2 + u + 1. Let c be y(3). Let v = -98 + c. Let r = -80 + v. What are the prime factors of r?
2, 3, 5
Let i(w) = 234*w - 3. Let d = 47 + -46. What are the prime factors of i(d)?
3, 7, 11
Suppose 4*k = -7 - 9, 28 = 2*b + 3*k. Let r(w) = w**3 - 37*w**2 + 37*w - 8. Let x be r(36). Let i = x - b. What are the prime factors of i?
2
Let q(h) be the first derivative of -h**2/2 + 11*h + 14. Let v be q(6). Suppose 5*g = -2*m + 63, -2*m - g = v - 64. What are the prime factors of m?
29
Let x = 41700 - -2349. What are the prime factors of x?
3, 14683
Let r = -587 - -1014. What are the prime factors of -9 + 12 - r/(-1)?
2, 5, 43
Suppose -4*o + 27208 + 7711 = 3*d, -5*o = 2*d - 43654. List the prime factors of o.
2, 37, 59
Suppose -34*n + 33*n = 2*q - 12662, -q = -3*n - 6317. List the prime factors of q.
6329
Let g be -345*((-9)/6 + (-5)/(-10)). Let c = 15 - 10. Suppose 0*o - g = -5*q + 5*o, 3*o + 353 = c*q. List the prime factors of q.
73
Suppose -14*p - 9*p + 87538 = 0. What are the prime factors of p/8 + 238/(-136)?
2, 3, 79
Suppose -p = 2*g - 516, 56*g - 51*g = 3*p + 1268. Let q = -1 - -3. Suppose -5*y + l - q*l = -380, -5*l = -3*y + g. What are the prime factors of y?
7, 11
Let s be -3*1 + -9 + (-1 - -3). Let t be 5*(-2)/s*2. What are the prime factors of 2 + 1 + 1/(t/338)?
2, 43
Let u = 482 + -481. What are the prime factors of (-877 + -27)*u*-1?
2, 113
Let k(h) = -h**3 + 4*h**2 - 2. Let j be k(4). Let u be 4/j + (-4 - 2). Let v = u + 17. List the prime factors of v.
3
List the prime factors of -13 - (-19)/(152/117400).
2, 7331
Suppose 566 = 5*z - 2*c, 4*z - 3*c = -2*c + 451. Let n = 177 + z. Suppose 0 = -q + 2*h + 291, -3*h + 4*h + n = q. List the prime factors of q.
7, 41
Let z(h) = h**2 + h + 40. Let q be z(0). Suppose -q*c = -43*c + 1251. List the prime factors of c.
3, 139
List the prime factors of (-1 + 5)*9223936/1024.
137, 263
Suppose 813224 = 14*b + 7*b + 124949. List the prime factors of b.
3, 5, 19, 23
Suppose 100852 + 163273 = 8*o + 80989. What are the prime factors of o?
2, 59, 97
Let i(d) = 2*d**2 + 18*d - 10. Let b be i(-9). Let a be (-795)/75 + 4/b. Let z = 65 + a. List the prime factors of z.
2, 3
Suppose -53*n + 352602 - 27133 = -294843. List the prime factors of n.
2, 7, 11, 19
Let l(m) = m**2 + 3*m + 26. Let w be 4*189/(-28)*2/6. Let k be l(w). Let f = k - -1. What are the prime factors of f?
3
Let w(s) = -4101*s + 2028. List the prime factors of w(-4).
2, 3
Let j(y) = -2*y**3 - 139*y**2 - 252*y - 84. What are the prime factors of j(-68)?
2, 3, 5, 53
Suppose -17*a - 8957 + 28558 = 0. What are the prime factors of a?
1153
Let x(j) = -13*j + 22. Let c(k) = 13*k - 23. Suppose -20 = -3*p - 5. Let a(f) = p*c(f) + 6*x(f). What are the prime factors of a(-5)?
2, 41
Suppose -2*w = -2*o + 6*o - 14, 4*w + o = 14. Suppose 10*b - 11*b + w = 0. List the prime factors of b/(-3) - -6*11.
5, 13
Let j(y) = 25*y**3 - 457*y**2 - 8*y - 6. What are the prime factors of j(19)?
2, 5, 317
Let o be -5 - (1/2 + (-22876)/8). Suppose -q - 5*n + 2*n = -963, o = 3*q + 2*n. What are the prime factors of q?
2, 3, 79
Let a(n) = 7*n**2 + 6*n + 17. Let x be a(-3). Suppose 15 = 67*c - x*c. What are the prime factors of c?
3
Suppose 52 - 11 = 4*c - 5*u, 5 = -u. Suppose 2*q = q + c*m + 8, 0 = 4*q + 4*m - 12. Suppose -51 - 5 = -q*d. What are the prime factors of d?
2, 7
Suppose -2008 - 2323 - 773 = -8*b. List the prime factors of b.
2, 11, 29
Let w be ((-10)/6 - -1)/(2/(-9)). Suppose -9*f = -w*f - 6. List the prime factors of (-579)/(-18) - f/6.
2
Let z(w) be the first derivative of w**4/4 - 15*w**3 + 33*w**2/2 - 75*w - 23. List the prime factors of z(45).
2, 3, 5, 47
Let u(w) = 3*w**2 + 8*w - 32. Let f be u(-18). Let x = 391 + f. Suppose 242 = -5*l + x. What are the prime factors of l?
3, 7
Let z(b) = -59*b + 181. Let d be z(-31). Let o = d + -1077. List the prime factors of o.
3, 311
Let w(y) = -4*y**3 + 3*y**2 - 3*y + 5. Let a be w(-3). Let h = 154 - a. List the prime factors of h.
5
Let o = 640 + -1066. Let u = 856 - o. List the prime factors of u.
2, 641
Let b(m) = m**3 - 12*m**2 + 6*m + 11. Let p be b(10). Let w = 214 + p. What are the prime factors of w?
5, 17
Let l(c) = 4663*c**2 + 285*c - 1128. What are the prime factors of l(4)?
2, 5, 7, 13, 41
Let b(d) be the first derivative of d**4/4 + 11*d**3/3 + 7*d**2/2 - 2*d - 10. Let h be 1 + -10 + 0 + 0. What are the prime factors of b(h)?
97
Let z(r) = 470*r + 115. Let k be z(7). Suppose -k = 74*f - 79*f. What are the prime factors of f?
3, 227
Suppose -11*b + 10*b - 4 = -3*s, 4*b = 3*s - 7. What are the prime factors of (s - 4/2) + 132?
131
Let z(u) be the first derivative of 17*u**3 - u**2/2 - 10*u + 86. List the prime factors of z(-3).
2, 113
Let l = -980 - -19172. What are the prime factors of l?
2, 3, 379
Suppose 5*v - 29220 = 5*z, -6013 = -v + 3*z - 165. List the prime factors of v.
2, 23, 127
Suppose 2*j = 3*j - 10. Suppose 5 + j = 5*h. What are the prime factors of 1/(1136/(-380) + h)?
5, 19
Let j be (-6)/(-21) + (-19)/(-7). Let r = 268 - 186. Suppose -m = -5*h + j*h + 209, 0 = h + 4*m - r. What are the prime factors of h?
2, 3, 17
Let y = -4 + 16. Let d(m) = 23 + 3*m**2 - 5*m - y - m. List the prime factors of d(7).
2, 29
Let d be 0/(-4 + 3 + -1). Suppose d = 4*b - 10*b + 42. Suppose -180 = 4*v - b*v. List the prime factors of v.
2, 3, 5
Suppose 0 = -2*f - 5*v + 4805, -3*f + 4*v + 5888 = -1377. Suppose -2*z = 5*z - f. List the prime factors of z.
3, 5, 23
What are